-1270. What is the hundreds digit of d?
2
Let o = 0 - 30. Let w be 19/3 + 10/o. Suppose 3*l = 2*z - w*z + 96, -l = -4. What is the units digit of z?
1
What is the units digit of (0 - -202)/((-3 + -1)/(-8))?
4
Suppose -40*t + 31*t = -5022. What is the hundreds digit of t?
5
Suppose -5*p - 134 = 5*u - 4*p, 0 = -3*p - 12. Let m be (-21)/((-1)/u*3). Let h = -122 - m. What is the tens digit of h?
6
Let x(h) = -114*h - 344. What is the tens digit of x(-21)?
5
Let v(r) be the first derivative of -r**4/4 + 11*r**3/3 - 6*r**2 - 7*r + 19. What is the tens digit of v(9)?
4
Let f be 182 + -1 - (3 - 6). Suppose -5*d - 122 = -3*x, 4*x + 7*d - 3*d - f = 0. What is the tens digit of x?
4
Let s be (-236 - -7)/((-1)/2). Suppose -s = 4*d - 98. What is the tens digit of (1/(-3))/(2/d)?
1
Suppose -5*j = -4*t + 90, 51 = 3*t - 5*j - 19. Suppose -2*i + 4*i = t. Suppose 86 = v + i. What is the units digit of v?
6
Let z(b) = -b**2 + 3*b - 2. Let r be z(2). Suppose h = 5*o - 30, 3*o - 18 = -r*o - 3*h. Suppose 0 = o*d - d - 365. What is the tens digit of d?
7
Let y(l) = l**3 - 18*l**2 + 18*l - 60. What is the tens digit of y(18)?
6
Let b(j) = 2*j**3 - 4*j**2 + 3*j - 1. Let u(i) = -i**3 - 6*i**2 - 4*i - 5. Let m be u(-5). Let x = m + 13. What is the units digit of b(x)?
6
Let l(d) = -30*d**2 - 4*d - 1. Let a be l(-1). What is the units digit of ((-38)/3)/(3/a)?
4
Let f(b) = b + 11. Suppose 3*y - i + 5*i + 22 = 0, -4*y - 32 = 4*i. Let a be f(y). What is the tens digit of ((-88)/(-32))/(a/12)?
3
Suppose -4*n + 2*d - 126 = 0, -7*n - 4*d = -6*n + 54. What is the tens digit of 4 + n/9 - 392/(-18)?
2
Suppose -204 + 14 = -l. Suppose a = k + l, -3*k + 795 = 5*a - 179. What is the units digit of a?
3
Suppose -19*k - k + 11560 = 0. What is the units digit of k?
8
Suppose 23*m - 25*m = -3*o - 1439, 5*o = 3*m - 2160. What is the tens digit of m?
1
Suppose 0 = 7*z - 641 + 81. What is the tens digit of z?
8
Suppose 9*o - 404 - 1963 = 0. What is the units digit of o?
3
Let d be (-2)/12*4*-3. Suppose 4*x - 4*f = 11 + 9, -19 = -d*x + 5*f. Suppose -5 + 1 = -x*j. What is the units digit of j?
2
Let v(r) = 15*r**3 - r**2 + r - 1. Let k be (-4)/10*(-5)/2. Let m be v(k). Suppose 5*s + w = 49, -4*s + 3*w + m = -10. What is the units digit of s?
9
Let y(r) be the third derivative of -r**4/6 - 5*r**3/6 - r**2. Let z be 0 + (0/(-3) - 5)/1. What is the tens digit of y(z)?
1
Suppose -3*o - 2*o + 3*g = -181, o = -g + 41. Suppose -20 = 4*k, -41 = 2*a - 5*k + o. What is the tens digit of (33/(-11))/(6/a)?
2
Let w(b) = 207*b**3 + 2*b**2 - 8*b + 3. Let u(j) = 69*j**3 + j**2 - 3*j + 1. Let c(f) = -11*u(f) + 4*w(f). What is the tens digit of c(1)?
6
Let j = 51 - -22. Let s be (-6)/(-2) + -2 + 4. Suppose -j = -s*n - 13. What is the units digit of n?
2
Let c(b) = 2*b - 2. What is the units digit of c(5)?
8
Let k(d) = d**2 - 10*d + 4. Let w = 4 + 6. Let n be k(w). Suppose -j + 3*y = -22, -6 = j - n*y - 26. What is the tens digit of j?
2
What is the units digit of (-304)/95*((-340)/8 - 0)?
6
Let b = 154 + -127. Let x = 5 + -2. Suppose -s + b = -x. What is the tens digit of s?
3
What is the tens digit of (67*1)/(((-98)/119)/(-14))?
3
Suppose -32 = -3*w - 2*c, -5*w - 2*c = 7 - 67. Let g(p) = -3 + w + 0*p + 1 + p. What is the tens digit of g(0)?
1
Let m = -106 - -296. Let s = m + -100. Suppose -27 = -2*j + a + s, j = a + 60. What is the tens digit of j?
5
Let n(h) = -h**2 + 10*h + 8. Let q be n(9). Let l(y) = y**3 - 17 + 11 - q - 8*y**2 + 21*y - 10*y**2. What is the units digit of l(17)?
5
Let q(r) = 37*r + 4. Let k be q(2). Suppose k = 2*t - 58. What is the units digit of t?
8
Suppose 12 = -4*h - 0. Let d be (-158)/16 - (7 + (-385)/56). What is the tens digit of 3 + 6/h*d?
2
Suppose -5*j = 5*b + 5, j + 3*b + 2*b = -21. Suppose -v + 30 = -5*n, 3*n = -3*v - 0*v. What is the tens digit of 18 + (v - (-2 + j))?
2
Let z(l) = -l**2 + 6*l - 11. Let g be z(7). What is the units digit of 4/6*(-729)/g?
7
Let z = 847 + -345. What is the hundreds digit of z?
5
Suppose -11 = -15*r + 3109. What is the tens digit of r?
0
Let y be (12/6)/((-64)/66 + 1). Suppose -39 = -n + y. What is the tens digit of n?
0
Suppose 0 = -4*p - 5*g + 2180, 8*p = 3*p + 3*g + 2762. What is the tens digit of p?
5
Suppose 3*x = -3*f + 1766 - 614, -x + 3*f + 384 = 0. What is the hundreds digit of x?
3
Let c(r) = -r**3 - 14*r**2 - 12*r - 12. Let g be c(-13). Let b = g - -99. What is the tens digit of b?
7
Let h(g) = -5 + 5 + 238*g - 6 - 9. What is the hundreds digit of h(1)?
2
Let g = 3937 + -1973. What is the tens digit of g?
6
What is the tens digit of 10*6*1036/105?
9
Suppose -273 = 3*o + 2*j, 2*o + 3*j + 54 = -133. Let k = o + 177. What is the units digit of k?
8
Let v = -2125 + 4951. What is the units digit of v?
6
Suppose -3979 = -3*n + 2*v, 3*n + 4*v = 2*v + 3959. What is the units digit of n?
3
Let o(n) = n**3 + 7*n**2 + 6*n + 5. Let y be o(-6). Let b(k) = 4*k + 9. Let z be b(y). Let s = z - 22. What is the units digit of s?
7
Let u(v) = 89*v - 8. Let h be u(7). Suppose 0 = 4*l + p - h, -5*p = 7*l - 8*l + 159. What is the tens digit of l?
5
Suppose 44 = -0*y + 4*y. Let x = y + -5. Suppose 24 = x*t - 2*t. What is the units digit of t?
6
Suppose 5*n - 48 = 4*i + 262, 71 = n + i. Suppose -h + n = -25. What is the units digit of h?
1
Let q(o) = -o + 8. Let b be q(10). What is the units digit of 8 + (b - (0 - 0))?
6
Let d(s) = s**2 - 3*s - 8. Let b be d(5). Suppose -b*i = -c + 67, -2*c - i + 132 = -3*i. What is the units digit of c?
5
Suppose 0*v + 5*v - 45 = 0. Let x = v + -7. Suppose -f - 4*w = -4 - 2, 0 = x*f - 5*w + 1. What is the units digit of f?
2
Let s = 16 - -84. Suppose -14*c = -12*c - s. What is the units digit of c?
0
Let n = -585 + 884. What is the hundreds digit of n?
2
Suppose 2*b = -3*b + 80. Let q(h) = 2*h**2 - h. Let z be q(3). Let i = b - z. What is the units digit of i?
1
Let v(m) = -2*m**2 - 2. Let g be v(2). What is the hundreds digit of (-1 + 2/g)/((-36)/5160)?
1
Suppose -5*r + 6 = 1. Let i(g) = 24*g**2 + 1385 - 2*g - 1386 + 3*g. What is the units digit of i(r)?
4
Let l(d) = -599*d - 279. What is the tens digit of l(-4)?
1
Suppose 3*r - 793 = x, -r - 4*x + 267 = -3*x. What is the hundreds digit of r?
2
Suppose 7 + 3 = 5*a. Suppose -y + 333 = a*y. Let s = y + -66. What is the tens digit of s?
4
Let a(p) = -25*p - 1. Let y be a(1). Let w be (-4 + (-54)/(-15))/(4/10). Let t = w - y. What is the tens digit of t?
2
Let p(j) = -j + 2*j + 20 + 0*j. Suppose 4*f - 14 = -62. What is the units digit of p(f)?
8
Suppose -3 - 5 = -2*d. Suppose d*g = u - 2*u + 33, -2*u = -2*g - 36. What is the tens digit of u?
2
Let a(m) be the third derivative of -m**6/120 + 2*m**5/15 - m**4/24 + m**3/6 + 5*m**2. What is the tens digit of a(7)?
4
Suppose -7*t = -4*t. Suppose -5*j + t*j + 2*q = -345, -206 = -3*j + q. What is the tens digit of j?
6
Let r(b) = -b**3 + 4*b**2 + 10*b - 8. Let u be r(6). Let m be -2 + ((-9)/(-3) - u). Let q = m - -5. What is the units digit of q?
6
Let i(h) = -5 + h + 15 + 7. Let r = 98 + -98. What is the units digit of i(r)?
7
Suppose -5*a + 0*g = -3*g - 104, 4*a = -g + 90. Let k = a - 15. Let m(h) = -h**2 + 7*h + 7. What is the units digit of m(k)?
7
Let m = 207 - -265. Suppose -s + 5*s - m = 0. What is the units digit of s?
8
Let j(g) = g**3 + 37*g**2 + 40*g + 6. What is the units digit of j(-35)?
6
Suppose -t + 51 = -4*a, 3*t + 30 = -2*a - t. Let r = 349 - 324. Let p = r - a. What is the tens digit of p?
3
Let u = -329 + 26. Let w = -103 - u. What is the hundreds digit of w?
2
Let d = -3158 + 4708. What is the hundreds digit of d?
5
Let u(f) = -f**3 - 3*f**2 - 6*f - 4. Let i be u(6). What is the units digit of (-14)/21 + i/(-6)?
0
Let s = -38 - -41. Let h(a) = 24*a + 8. What is the units digit of h(s)?
0
Suppose 2*l = -4*t - 10, 4*l - 8*l - 29 = -t. Let f(o) = -25*o - 14. What is the tens digit of f(l)?
6
Let j = -96 - -98. Suppose -j*v + 4 = -200. What is the tens digit of v?
0
Suppose 2*p - 15 = 183. What is the units digit of p?
9
Let h(d) = d**2 + 15*d - 11. Let l = 24 + -32. Let p be h(l). Let k = p - -123. What is the units digit of k?
6
Suppose 0 = 3*s - 3*u - 4830, -7*s + 12*s - 2*u = 8038. What is the tens digit of s?
0
Let j(b) = 3*b**3 - 10*b**2 - 5*b + 5. Let p(r) = -8*r**3 + 29*r**2 + 14*r - 15. Let g(n) = 11*j